-176. What is the highest common factor of a and v?
14
Suppose 4*b - 53 = 3*o, -5*o = 3*b - b - 7. Let t(u) = -3*u**2 - 2*u + 2. Let n be t(4). Let v be -1*(n - 1)*1. What is the greatest common divisor of b and v?
11
Let v = 38 - 22. Calculate the greatest common factor of v and 4.
4
Suppose 184 = 5*j - 8*m + 4*m, -j - 2*m = -48. Suppose a + a + k = 199, -195 = -2*a - 5*k. What is the highest common factor of a and j?
20
Let s(p) = p**2 - 5*p + 6. Let r be s(6). Let h be (5 - 2) + 44 + -11. What is the greatest common factor of r and h?
12
Suppose 0 = -2*o + 4*h + 28, 2*h - 14 = -5*o - 2*h. Let v = -7 + o. Let w(c) = -42*c**3. Let r be w(v). Calculate the highest common factor of 14 and r.
14
Suppose -267 = 3*z - 27. Let s be ((-96)/z)/(6/20). What is the highest common factor of s and 24?
4
Let c(x) = -x - 4. Let w be -1 + (-2 + 2 - -1). Let a be c(w). Let y be (a - (0 + -2)) + 74. What is the highest common factor of 9 and y?
9
Let f = 20 - -18. Calculate the greatest common factor of f and 342.
38
Let r = -2 + 0. Let d(u) = 5 - u - 1 - 3. Let i be d(r). What is the highest common factor of 27 and i?
3
Suppose 0 = -3*x + 7 - 1. Let a = -26 - -40. Calculate the highest common divisor of x and a.
2
Let d = 3 + -118. Let s = d + 195. Calculate the highest common factor of 16 and s.
16
Suppose -5*j + 16 = 1, 2*j = 3*l - 15. Calculate the greatest common divisor of l and 21.
7
Let p be (-4 - (-30)/9)*-12. Suppose -a = 2*a - 12. Suppose -a*q + p = -2*q. Calculate the highest common divisor of 8 and q.
4
Suppose 3*l - 3*r = 6*l - 57, 4*l - 2*r = 106. Calculate the highest common factor of l and 16.
8
Let h = -110 - -145. Calculate the highest common factor of 7 and h.
7
Let n(f) = -f**3 - 3*f**2 - f + 6. Let t be n(-3). Suppose -3*l + 8 = -181. Calculate the greatest common divisor of l and t.
9
Let r(g) = 0*g - g**2 + 7*g + 6 - 3*g. Let m be r(5). Calculate the highest common divisor of 3 and m.
1
Let t(q) = q**2 + 17*q - 6. Let y be t(-18). Calculate the greatest common divisor of 18 and y.
6
Let o be ((-7)/(-2))/((-8)/(-352)). Suppose 4*h = -8, -x + 3*h = -5*x + o. Calculate the greatest common divisor of x and 8.
8
Let s(b) = -3*b - 4. Let r be s(-6). Suppose -22 + 2 = 5*g. Let w be 2/g - 86/(-4). What is the greatest common divisor of w and r?
7
Let w(o) = -29*o - 20. Let l be w(-8). Let a be -2 + l/8*2. What is the highest common factor of a and 34?
17
Suppose -32*c = -33*c + 7. Suppose l - 3*u = 22, 5*u + 46 = 4*l - l. Calculate the highest common factor of l and c.
7
Let p(z) = z - 4. Suppose n = 5*n - 24. Let v be p(n). What is the greatest common divisor of 1 and v?
1
Suppose 75 = -14*r + 19*r. Let o(z) = -z**2 - 7*z - 5. Let n be o(-5). Calculate the highest common divisor of r and n.
5
Suppose 0 = 2*i - 64 + 4. Let g = 9 - -9. Let a = g + 2. Calculate the highest common divisor of i and a.
10
Let t = -58 + 74. What is the highest common divisor of t and 48?
16
Suppose 10*d = 2 + 18. Suppose -x - 4*x + 80 = 0. What is the greatest common factor of d and x?
2
Let u(z) = z**2 + 6*z - 7. Let j be u(-6). Let v be j/(1*(-2)/12). Calculate the highest common divisor of 21 and v.
21
Suppose 5*r = 2*f + 16, -5*f = 5*r + 3 + 2. Suppose 3*i = -4*m + 66, 2*m - 22 = -i + 4*m. Calculate the greatest common divisor of r and i.
2
Let x be -12*(50/(-8))/5. Calculate the highest common divisor of x and 5.
5
Suppose a - 2*w = 8 + 18, 4*a - 109 = 3*w. Calculate the greatest common divisor of 14 and a.
14
Suppose -2*w + 22 = -w - 3*d, 0 = -5*d + 20. What is the greatest common factor of 102 and w?
34
Let p(u) = 6*u**3 + 5*u**2 - u + 6. Let z(j) = j**3 + j**2 + 1. Let b(q) = p(q) - 5*z(q). Let l be b(0). What is the greatest common factor of 2 and l?
1
Let i(k) = -14*k + 2. Let w be i(-15). Suppose 5*m + 0*d - 560 = 5*d, -d + w = 2*m. What is the greatest common factor of m and 12?
12
Suppose 0 = 3*j - 2*g - 245 + 89, 0 = -2*j + 5*g + 104. Let f = -8 + j. What is the greatest common divisor of f and 4?
4
Suppose -2 = 3*o - 11. Suppose -v + 68 = o*v. Suppose 2*d - v - 5 = 0. What is the highest common divisor of d and 11?
11
Let j = 2 + 0. Let f be -1*((-10)/(-2) - j). Let k be (1 - (-30)/(-9))*f. Calculate the greatest common divisor of 49 and k.
7
Suppose -y - 69 = -240. Suppose -4*g = -52 - 24. Calculate the greatest common divisor of g and y.
19
Let n = -5 - -19. Calculate the highest common factor of 126 and n.
14
Let q be (-172)/6 - 2/(-3). Let o = 16 - q. Let z = -4 - -8. What is the highest common factor of o and z?
4
Let a(f) = -f**3 + 12*f**2 - 12*f - 4. Let u be a(11). Let v be u/(-5)*38/6. Suppose 4*i - v = -3. Calculate the highest common factor of 28 and i.
4
Suppose -41 - 7 = 2*t. Let u be 6/t + 2/8. Suppose u = -4*x + 4*j + 24, 0 = 2*j + j. What is the highest common divisor of 3 and x?
3
Let k(v) = v + 5. Let f be k(7). Let p(w) = -w**3 + 12*w**2 + 2*w - 10. Let c be p(f). What is the greatest common factor of 7 and c?
7
Suppose i - 3*a - 249 = -a, 5*a = 3*i - 749. Let p be -23*((0 - -2) + -3). Calculate the greatest common factor of p and i.
23
Suppose 4*i + 2*q = 7*i - 606, -i + q = -201. Calculate the greatest common factor of 12 and i.
12
Let s = -85 - -117. Calculate the greatest common factor of 8 and s.
8
Let y be 1 + 71 - (8 - 6). What is the highest common factor of y and 175?
35
Let x(d) = 8*d - 10. Let j be x(4). Let m be 1/4 + 703/4. Calculate the highest common factor of j and m.
22
Let z(x) be the second derivative of x**5/20 - x**4/12 + x**3/3 + x**2 - x. Let g be z(-5). Let v = 238 + g. What is the greatest common divisor of v and 16?
16
Suppose -1 = -3*u - 10. Let m be 2/(2*u/(-42)). Let i(o) = -o**3 - o**2 - 3*o - 3. Let z be i(-5). What is the greatest common factor of z and m?
14
Let w(v) = v**3 - 4*v**2 - 2*v - 2. Suppose -3*n + 2*n = -5. Let a be w(n). Calculate the greatest common factor of 65 and a.
13
Let w be 16*-5 - (-2 - 2). Let h = -40 - w. Calculate the greatest common factor of h and 90.
18
Let g be -3 - -3 - 32/(-2). What is the greatest common factor of 4 and g?
4
Suppose 4*r - 156 = p + 63, r = -4*p + 59. What is the highest common divisor of r and 22?
11
Suppose -n = -18 + 7. What is the highest common factor of 110 and n?
11
Let o(k) = k**2 + 38*k + 19. Let d be o(-40). Suppose i - 35 = -10. Let r = i - 16. What is the highest common divisor of d and r?
9
Suppose 0 = 8*n - 4*n + 24. Let f be (-20)/n*54/5. Suppose -3*d = -2*s - 27, -4*d = -d - s - 27. Calculate the highest common divisor of f and d.
9
Suppose 3*f - 13 = 2*m, -2*m - 2*m - 8 = 0. Let i(z) = z**2 - 2*z + 1. Let k be i(f). Let p = 16 - -4. What is the highest common divisor of k and p?
4
Let i = 18 - -6. What is the greatest common factor of i and 6?
6
Let u = -254 + 380. Calculate the highest common factor of u and 14.
14
Let w = 117 - 96. Calculate the highest common divisor of w and 56.
7
Suppose 0 = q - 1, -4*z + 8*q = 7*q - 1159. What is the highest common factor of 58 and z?
58
Suppose 0*x + 5*x - 2*u + 3 = 0, 4*u = 3*x + 13. Calculate the greatest common divisor of x and 7.
1
Let m = -3 - -11. Let g = m + -3. Let s = g - 1. Calculate the greatest common divisor of s and 4.
4
Suppose -c + d = -121, -2*c + c + 4*d + 106 = 0. Suppose 6*k - 6 = 102. What is the highest common factor of k and c?
18
Let n(t) = -2*t**2 - t - 1. Let b be n(-1). Let v be -1*(21 + (0 - b)). Let o = -7 - v. What is the highest common divisor of o and 80?
16
Let q be 718/14 - (-5)/105*-6. What is the highest common divisor of q and 17?
17
Let n be (-3 + 2)/(1/(-32)). Calculate the highest common divisor of n and 8.
8
Let b be 32 - (0/(-4))/(-2). What is the highest common factor of b and 8?
8
Let l be ((-1)/1)/((-1)/70). Suppose 0*k + 5 = k. Suppose l = k*c + 5*a, -4*c + 77 = -3*a - 0. What is the highest common divisor of 187 and c?
17
Let m(w) = 2*w**2 + 3*w - 2. Let d be m(3). Suppose -2*c + 6 = -2, 0 = -u - 2*c + 16. Let k = u + -3. Calculate the highest common divisor of k and d.
5
Suppose m - 6 = r + 12, -5*r - 72 = -4*m. Let d(q) = 15*q**2 - 4*q - 4. Let l be d(4). Suppose -5*u - l = -670. What is the highest common divisor of u and m?
18
Suppose 2*i - f = 104, -i + f - 3*f = -57. Let q = i - 17. Calculate the highest common factor of q and 9.
9
Suppose 